ighest common factor of 2565 and 95.
95
What is the greatest common factor of 187 and 77?
11
What is the greatest common factor of 171 and 874?
19
What is the highest common divisor of 33 and 176?
11
What is the highest common factor of 155 and 217?
31
Calculate the highest common factor of 16262 and 188.
94
Calculate the highest common factor of 480 and 75.
15
What is the highest common divisor of 78 and 5850?
78
What is the highest common factor of 99 and 207?
9
What is the greatest common factor of 351 and 819?
117
Calculate the greatest common divisor of 2737 and 2261.
119
What is the greatest common factor of 19344 and 13?
13
Calculate the highest common divisor of 39 and 208.
13
What is the greatest common divisor of 25 and 3325?
25
What is the greatest common divisor of 1612 and 39?
13
What is the highest common divisor of 381 and 7747?
127
Calculate the greatest common factor of 9520 and 714.
238
Calculate the highest common divisor of 345 and 75.
15
Calculate the greatest common factor of 41 and 15949.
41
Calculate the greatest common divisor of 14 and 4.
2
What is the highest common divisor of 3178 and 28?
14
Calculate the highest common factor of 4500 and 400.
100
What is the highest common factor of 513 and 551?
19
Calculate the greatest common divisor of 3 and 399.
3
What is the highest common factor of 261 and 44109?
261
Calculate the highest common factor of 12 and 3516.
12
What is the greatest common divisor of 4980 and 120?
60
Calculate the greatest common factor of 68124 and 84.
84
Calculate the highest common divisor of 702 and 54.
54
What is the highest common divisor of 67 and 4489?
67
What is the highest common factor of 26 and 364?
26
Calculate the greatest common factor of 1377 and 17.
17
What is the greatest common divisor of 85084 and 356?
356
Calculate the highest common factor of 36 and 8.
4
What is the highest common factor of 14 and 2912?
14
What is the greatest common factor of 20 and 620?
20
Calculate the highest common divisor of 78 and 204.
6
Calculate the highest common divisor of 13040 and 80.
80
Calculate the highest common factor of 49 and 18767.
49
Calculate the greatest common factor of 19914 and 6.
6
Calculate the greatest common divisor of 1725 and 15.
15
What is the highest common factor of 77 and 44?
11
What is the greatest common divisor of 374 and 272?
34
What is the greatest common divisor of 42 and 210?
42
Calculate the greatest common divisor of 304 and 16.
16
Calculate the greatest common divisor of 2 and 14.
2
What is the greatest common factor of 600 and 825?
75
Calculate the greatest common factor of 836 and 2156.
44
Calculate the greatest common divisor of 120 and 192.
24
What is the greatest common divisor of 44 and 66?
22
What is the greatest common divisor of 10630 and 10?
10
Calculate the highest common divisor of 26 and 416.
26
What is the highest common divisor of 26 and 9113?
13
What is the highest common divisor of 434 and 49?
7
Calculate the greatest common divisor of 427 and 7.
7
Calculate the greatest common factor of 2560 and 40.
40
Calculate the highest common divisor of 2470 and 780.
130
Calculate the highest common divisor of 101 and 1.
1
Calculate the highest common divisor of 75 and 2835.
15
Calculate the greatest common factor of 2704 and 10985.
169
Calculate the greatest common divisor of 136 and 68.
68
What is the highest common factor of 3865 and 5?
5
What is the greatest common divisor of 1921 and 85?
17
What is the greatest common divisor of 225 and 45?
45
What is the greatest common divisor of 88 and 99?
11
Calculate the greatest common divisor of 56 and 1344.
56
What is the highest common divisor of 17 and 25619?
17
What is the highest common divisor of 8645 and 637?
91
Calculate the highest common divisor of 398 and 38.
2
Calculate the greatest common divisor of 41 and 1271.
41
What is the greatest common divisor of 21 and 105?
21
What is the greatest common factor of 1564 and 92?
92
What is the highest common factor of 1029 and 21?
21
What is the highest common divisor of 210 and 390?
30
Calculate the greatest common divisor of 51790 and 10.
10
Calculate the greatest common divisor of 104 and 286.
26
Calculate the greatest common factor of 39 and 2509.
13
What is the highest common factor of 253 and 2001?
23
Calculate the highest common factor of 1600 and 5.
5
Calculate the greatest common factor of 483 and 16744.
161
What is the greatest common divisor of 510 and 102?
102
What is the greatest common factor of 90 and 1520?
10
Calculate the highest common divisor of 176 and 143.
11
What is the greatest common factor of 3192 and 70?
14
Calculate the highest common factor of 493 and 34.
17
Calculate the highest common factor of 234 and 2678.
26
What is the greatest common factor of 84 and 525?
21
What is the highest common divisor of 18 and 2601?
9
Calculate the greatest common factor of 81 and 8343.
81
Calculate the highest common divisor of 61 and 1159.
61
Calculate the highest common factor of 10 and 8.
2
What is the highest common divisor of 30 and 15?
15
What is the highest common divisor of 22 and 341?
11
What is the highest common factor of 333 and 1776?
111
Calculate the greatest common factor of 2562 and 24.
6
Calculate the greatest common factor of 25 and 45.
5
What is the greatest common divisor of 88 and 22?
22
Calculate the greatest common divisor of 33 and 660.
33
Calculate the greatest common factor of 703 and 629.
37
What is the highest common factor of 378 and 1242?
54
Calculate the greatest common divisor of 1683 and 119.
17
Calculate the greatest common divisor of 1022 and 469.
7
What is the greatest common factor of 725 and 232?
29
Calculate the greatest common factor of 274 and 685.
137
What is the greatest common divisor of 374 and 34?
34
What is the greatest common divisor of 342 and 76?
38
What is the highest common divisor of 1131 and 261?
87
What is the greatest common divisor of 42 and 42?
42
Calculate the greatest common factor of 4828 and 204.
68
What is the highest common factor of 95 and 1805?
95
What is the highest common factor of 493 and 29?
29
What is the greatest common factor of 7 and 128?
1
What is the highest common factor of 1458 and 36?
18
What is the highest common divisor of 30 and 25305?
15
Calculate the greatest common factor of 10 and 470.
10
Calculate the greatest common divisor of 124 and 98828.
124
Calculate the greatest common divisor of 126 and 294.
42
Calculate the greatest common divisor of 826 and 98.
14
What is the highest common divisor of 12 and 27?
3
What is the highest common divisor of 3168 and 891?
99
Calculate the greatest common factor of 16732 and 188.
188
What is the highest common factor of 184 and 5612?
92
Calculate the highest common factor of 22 and 374.
22
Calculate the greatest common divisor of 837 and 108.
27
Calculate the greatest common divisor of 81 and 5427.
81
What is the highest common factor of 18 and 642?
6
Calculate the greatest common divisor of 518 and 1369.
37
Calculate the highest common divisor of 555 and 15.
15
Calculate the highest common divisor of 106 and 53.
53
What is the greatest common factor of 12 and 3468?
12
Calculate the greatest common divisor of 63 and 3087.
63
What is the highest common factor of 1350 and 1950?
150
What is the greatest common factor of 25905 and 165?
165
Calculate the greatest common factor of 1251 and 139.
139
Calculate the greatest common factor of 70 and 266.
14
What is the highest common divisor of 760 and 440?
40
What is the greatest common divisor of 186 and 10?
2
What is the greatest common factor of 1150 and 1175?
25
Calculate the greatest common divisor of 221 and 39.
13
Calculate the highest common factor of 56 and 42.
14
Calculate the highest common factor of 74 and 1517.
37
Calculate the highest common divisor of 100 and 1090.
10
What is the highest common divisor of 198 and 81?
9
Calculate the highest common divisor of 610 and 20.
10
What is the highest common factor of 31 and 496?
31
Calculate the highest common factor of 12 and 680.
4
What is the highest common factor of 2 and 2298?
2
Calculate the highest common factor of 81 and 36.
9
Calculate the greatest common divisor of 4080 and 88.
8
What is the greatest common divisor of 1